 greatest common divisor of 65 and 10?
5
Calculate the greatest common divisor of 480 and 30.
30
What is the greatest common divisor of 61 and 305?
61
What is the greatest common factor of 13857 and 31?
31
Calculate the highest common divisor of 7259 and 153.
17
Calculate the greatest common divisor of 42 and 777.
21
What is the highest common divisor of 36 and 162?
18
Calculate the greatest common divisor of 69 and 18699.
69
What is the greatest common factor of 2442 and 6882?
222
Calculate the greatest common factor of 6426 and 952.
238
What is the greatest common factor of 30 and 33?
3
Calculate the greatest common divisor of 11901 and 3.
3
Calculate the greatest common factor of 70 and 2270.
10
Calculate the greatest common divisor of 702 and 27.
27
What is the highest common divisor of 635 and 381?
127
What is the greatest common divisor of 1152 and 48?
48
Calculate the highest common factor of 87 and 16.
1
What is the highest common divisor of 308 and 44?
44
Calculate the greatest common divisor of 1089 and 2.
1
Calculate the greatest common factor of 30 and 615.
15
Calculate the greatest common factor of 14 and 8939.
7
What is the highest common factor of 1702 and 92?
46
Calculate the highest common divisor of 351 and 234.
117
What is the highest common divisor of 156 and 36?
12
Calculate the highest common factor of 112 and 56.
56
Calculate the greatest common factor of 2000 and 350.
50
What is the highest common factor of 275 and 11?
11
What is the greatest common divisor of 7267 and 169?
169
What is the greatest common divisor of 24 and 80?
8
Calculate the greatest common factor of 30 and 190.
10
What is the greatest common divisor of 41 and 6437?
41
Calculate the highest common divisor of 4108 and 2528.
316
Calculate the greatest common divisor of 35 and 140.
35
What is the greatest common divisor of 31305 and 15?
15
Calculate the highest common divisor of 319 and 77.
11
What is the greatest common factor of 5038 and 66?
22
Calculate the greatest common divisor of 4520 and 60.
20
What is the highest common divisor of 48 and 784?
16
Calculate the highest common divisor of 52 and 715.
13
What is the highest common divisor of 5934 and 129?
129
Calculate the highest common factor of 27 and 3537.
27
Calculate the greatest common divisor of 2145 and 1560.
195
What is the greatest common factor of 6 and 309?
3
What is the highest common divisor of 1687 and 7?
7
What is the greatest common factor of 18469 and 506?
253
Calculate the highest common factor of 66 and 825.
33
What is the highest common factor of 945 and 195?
15
What is the highest common factor of 400 and 16?
16
What is the highest common factor of 1 and 328?
1
Calculate the highest common divisor of 94 and 1269.
47
What is the greatest common divisor of 8799 and 21?
21
Calculate the greatest common divisor of 125 and 275.
25
Calculate the highest common divisor of 156 and 564.
12
What is the greatest common factor of 2 and 632?
2
Calculate the greatest common divisor of 5 and 1465.
5
What is the highest common factor of 164 and 8?
4
Calculate the greatest common divisor of 8 and 392.
8
Calculate the greatest common divisor of 16929 and 19.
19
What is the greatest common divisor of 4 and 412?
4
What is the highest common factor of 912 and 192?
48
Calculate the highest common factor of 88 and 152.
8
What is the highest common factor of 6460 and 40?
20
What is the highest common factor of 299 and 104?
13
Calculate the greatest common divisor of 2888 and 1064.
152
Calculate the highest common divisor of 66 and 354.
6
Calculate the greatest common divisor of 1428 and 156.
12
What is the highest common factor of 15 and 435?
15
What is the highest common divisor of 4011 and 21?
21
What is the highest common factor of 2 and 9634?
2
What is the highest common divisor of 31 and 62?
31
What is the highest common factor of 338 and 26?
26
Calculate the highest common divisor of 510 and 1734.
102
Calculate the greatest common factor of 649 and 11.
11
Calculate the highest common factor of 304 and 208.
16
Calculate the greatest common factor of 330 and 75.
15
Calculate the highest common divisor of 8 and 164.
4
Calculate the highest common divisor of 19355 and 490.
245
Calculate the greatest common factor of 238 and 14.
14
Calculate the highest common divisor of 25 and 775.
25
What is the highest common factor of 2673 and 1215?
243
What is the greatest common divisor of 74666 and 148?
74
What is the greatest common factor of 1462 and 4?
2
Calculate the greatest common divisor of 540 and 880.
20
What is the highest common divisor of 11711 and 98?
49
What is the greatest common divisor of 148 and 8?
4
Calculate the greatest common divisor of 24 and 2672.
8
What is the highest common divisor of 506 and 66?
22
What is the greatest common divisor of 247 and 1170?
13
What is the highest common divisor of 225 and 18?
9
Calculate the greatest common factor of 3176 and 104.
8
Calculate the highest common divisor of 29 and 2407.
29
What is the greatest common divisor of 30 and 110?
10
What is the greatest common factor of 748 and 88?
44
What is the highest common divisor of 517 and 94?
47
What is the highest common factor of 102 and 5763?
51
Calculate the greatest common factor of 256 and 16.
16
What is the greatest common factor of 3 and 24?
3
Calculate the greatest common divisor of 72 and 48.
24
Calculate the greatest common divisor of 7985 and 5.
5
Calculate the highest common divisor of 37 and 703.
37
Calculate the highest common factor of 37 and 22681.
37
Calculate the highest common factor of 4 and 258.
2
What is the greatest common divisor of 255 and 15?
15
What is the highest common divisor of 4945 and 645?
215
What is the greatest common divisor of 104 and 1482?
26
What is the highest common factor of 52 and 75140?
52
Calculate the highest common factor of 42 and 1134.
42
What is the greatest common divisor of 2079 and 21?
21
Calculate the greatest common divisor of 327 and 436.
109
What is the highest common divisor of 12 and 17646?
6
Calculate the highest common factor of 455 and 715.
65
What is the greatest common factor of 47 and 329?
47
Calculate the greatest common factor of 84 and 189.
21
What is the greatest common factor of 4224 and 84?
12
Calculate the greatest common divisor of 98 and 3871.
49
What is the greatest common factor of 3737 and 148?
37
Calculate the highest common factor of 896 and 56.
56
Calculate the greatest common divisor of 22 and 110.
22
What is the highest common divisor of 2189 and 99?
11
Calculate the highest common factor of 481 and 111.
37
Calculate the greatest common divisor of 16 and 832.
16
What is the highest common divisor of 621 and 276?
69
What is the highest common divisor of 153 and 51?
51
Calculate the greatest common factor of 23 and 575.
23
What is the highest common divisor of 4 and 18424?
4
Calculate the greatest common divisor of 3 and 9888.
3
Calculate the highest common factor of 84 and 3444.
84
What is the highest common divisor of 35 and 1120?
35
Calculate the highest common divisor of 80 and 64.
16
What is the greatest common factor of 291 and 4753?
97
Calculate the highest common divisor of 60 and 1500.
60
What is the greatest common factor of 60 and 140?
20
What is the greatest common factor of 12873 and 21?
21
Calculate the greatest common factor of 22 and 99.
11
Calculate the greatest common divisor of 20 and 15.
5
Calculate the highest common divisor of 304 and 544.
16
What is the highest common factor of 3403 and 82?
41
What is the greatest common divisor of 21 and 4074?
21
Calculate the greatest common divisor of 486 and 954.
18
What is the greatest common factor of 10 and 110?
10
Calculate the greatest common divisor of 56 and 14.
14
What is the greatest common factor of 938 and 4154?
134
Calculate the greatest common factor of 281 and 35968.
281
Calculate the highest common factor of 736 and 529.
23
What is the greatest common divisor of 25 and 21?
1
What is the highest common factor of 63 and 1575?
63
What is the highest common factor of 9 and 1206?
9
What is the greatest common divisor of 16 and 752?
16
Calculate the greatest common factor of 27722 and 83.
83
Calculate the highest common divisor of 16735 and 5.
5
Calculate